{"id":5230,"date":"2019-08-01T08:51:48","date_gmt":"2019-08-01T11:51:48","guid":{"rendered":"https:\/\/lubrificantes.pefil.com.br\/petronas\/?post_type=product&#038;p=5230"},"modified":"2024-10-21T16:36:38","modified_gmt":"2024-10-21T19:36:38","slug":"petronas-tutela-gi-a-2","status":"publish","type":"product","link":"https:\/\/lubrificantes.pefil.com.br\/petronas\/produto\/petronas-tutela-gi-a-2\/","title":{"rendered":"PETRONAS Tutela GI\/A"},"content":{"rendered":"<h1>&Oacute;leo Lubrificante PETRONAS Tutela GI\/A<\/h1>\n<p>&Oacute;leo Transmiss&atilde;o Autom&aacute;tica PETRONAS Tutela GI\/A &eacute; um &oacute;leo de base mineral com caracter&iacute;sticas que lhe proporciona baixo ponto de fluidez, viscosidade para uma ampla faixa de te mperatura de trabalho, estabilidade &agrave; oxida&ccedil;&atilde;o, e propriedades detergentes-dispersantes, antidesgaste, anticorrosivas, antifer rugem e antiespumante, &eacute; um &oacute;leo especial com aditivos EP, de m&uacute;ltipla aplica&ccedil;&atilde;o, especialmente designado para enchimento e reposi&ccedil;&atilde;o de transmiss&otilde;es autom &aacute;ticas feitas por quem recomenda o uso de produtos do tipo DEXRON II D .<\/p>\n","protected":false},"excerpt":{"rendered":"<h3>\u00d3leo Lubrificante PETRONAS Tutela GI\/A<\/h3>\n<p>\u00d3leo Transmiss\u00e3o Autom\u00e1tica PETRONAS Tutela GI\/A \u00e9 um \u00f3leo de base mineral com caracter\u00edsticas que lhe proporciona baixo ponto de fluidez<\/p>\n","protected":false},"featured_media":8122,"template":"","meta":{"_acf_changed":false},"product_cat":[438,445],"product_tag":[],"class_list":{"0":"post-5230","1":"product","2":"type-product","3":"status-publish","4":"has-post-thumbnail","6":"product_cat-automotivos","7":"product_cat-direcao-hidraulica-e-transmissao","9":"first","10":"instock","11":"shipping-taxable","12":"product-type-simple"},"acf":[],"yoast_head":"<!-- This site is optimized with the Yoast SEO plugin v23.9 - https:\/\/yoast.com\/wordpress\/plugins\/seo\/ -->\n<title>PETRONAS Tutela GI\/A - Pefil - Lubrificantes Petronas<\/title>\n<meta name=\"robots\" content=\"index, follow, max-snippet:-1, max-image-preview:large, max-video-preview:-1\" \/>\n<link rel=\"canonical\" href=\"https:\/\/lubrificantes.pefil.com.br\/petronas\/produto\/petronas-tutela-gi-a-2\/\" \/>\n<meta property=\"og:locale\" content=\"pt_BR\" \/>\n<meta property=\"og:type\" content=\"article\" \/>\n<meta property=\"og:title\" content=\"PETRONAS Tutela GI\/A - Pefil - Lubrificantes Petronas\" \/>\n<meta property=\"og:description\" content=\"\u00d3leo Lubrificante PETRONAS Tutela GI\/A \u00d3leo Transmiss\u00e3o Autom\u00e1tica PETRONAS Tutela GI\/A \u00e9 um \u00f3leo de base mineral com caracter\u00edsticas que lhe proporciona baixo ponto de fluidez\" \/>\n<meta property=\"og:url\" content=\"https:\/\/lubrificantes.pefil.com.br\/petronas\/produto\/petronas-tutela-gi-a-2\/\" \/>\n<meta property=\"og:site_name\" content=\"Pefil - Lubrificantes Petronas\" \/>\n<meta property=\"article:modified_time\" content=\"2024-10-21T19:36:38+00:00\" \/>\n<meta property=\"og:image\" content=\"https:\/\/lubrificantes.pefil.com.br\/petronas\/wp-content\/uploads\/2024\/10\/petronas-tutela-gi-a-1.jpg\" \/>\n\t<meta property=\"og:image:width\" content=\"400\" \/>\n\t<meta property=\"og:image:height\" content=\"400\" \/>\n\t<meta property=\"og:image:type\" content=\"image\/jpeg\" \/>\n<meta name=\"twitter:card\" content=\"summary_large_image\" \/>\n<meta name=\"twitter:label1\" content=\"Est. tempo de leitura\" \/>\n\t<meta name=\"twitter:data1\" content=\"1 minuto\" \/>\n<script type=\"application\/ld+json\" class=\"yoast-schema-graph\">{\"@context\":\"https:\/\/schema.org\",\"@graph\":[{\"@type\":\"WebPage\",\"@id\":\"https:\/\/lubrificantes.pefil.com.br\/petronas\/produto\/petronas-tutela-gi-a-2\/\",\"url\":\"https:\/\/lubrificantes.pefil.com.br\/petronas\/produto\/petronas-tutela-gi-a-2\/\",\"name\":\"PETRONAS Tutela GI\/A - Pefil - Lubrificantes Petronas\",\"isPartOf\":{\"@id\":\"https:\/\/lubrificantes.pefil.com.br\/petronas\/#website\"},\"primaryImageOfPage\":{\"@id\":\"https:\/\/lubrificantes.pefil.com.br\/petronas\/produto\/petronas-tutela-gi-a-2\/#primaryimage\"},\"image\":{\"@id\":\"https:\/\/lubrificantes.pefil.com.br\/petronas\/produto\/petronas-tutela-gi-a-2\/#primaryimage\"},\"thumbnailUrl\":\"https:\/\/lubrificantes.pefil.com.br\/petronas\/wp-content\/uploads\/2024\/10\/petronas-tutela-gi-a-1.jpg\",\"datePublished\":\"2019-08-01T11:51:48+00:00\",\"dateModified\":\"2024-10-21T19:36:38+00:00\",\"breadcrumb\":{\"@id\":\"https:\/\/lubrificantes.pefil.com.br\/petronas\/produto\/petronas-tutela-gi-a-2\/#breadcrumb\"},\"inLanguage\":\"pt-BR\",\"potentialAction\":[{\"@type\":\"ReadAction\",\"target\":[\"https:\/\/lubrificantes.pefil.com.br\/petronas\/produto\/petronas-tutela-gi-a-2\/\"]}]},{\"@type\":\"ImageObject\",\"inLanguage\":\"pt-BR\",\"@id\":\"https:\/\/lubrificantes.pefil.com.br\/petronas\/produto\/petronas-tutela-gi-a-2\/#primaryimage\",\"url\":\"https:\/\/lubrificantes.pefil.com.br\/petronas\/wp-content\/uploads\/2024\/10\/petronas-tutela-gi-a-1.jpg\",\"contentUrl\":\"https:\/\/lubrificantes.pefil.com.br\/petronas\/wp-content\/uploads\/2024\/10\/petronas-tutela-gi-a-1.jpg\",\"width\":400,\"height\":400},{\"@type\":\"BreadcrumbList\",\"@id\":\"https:\/\/lubrificantes.pefil.com.br\/petronas\/produto\/petronas-tutela-gi-a-2\/#breadcrumb\",\"itemListElement\":[{\"@type\":\"ListItem\",\"position\":1,\"name\":\"In\u00edcio\",\"item\":\"https:\/\/lubrificantes.pefil.com.br\/petronas\/\"},{\"@type\":\"ListItem\",\"position\":2,\"name\":\"Produtos\",\"item\":\"https:\/\/lubrificantes.pefil.com.br\/petronas\/shop\/\"},{\"@type\":\"ListItem\",\"position\":3,\"name\":\"PETRONAS Tutela GI\/A\"}]},{\"@type\":\"WebSite\",\"@id\":\"https:\/\/lubrificantes.pefil.com.br\/petronas\/#website\",\"url\":\"https:\/\/lubrificantes.pefil.com.br\/petronas\/\",\"name\":\"Pefil - Lubrificantes Petronas\",\"description\":\"\",\"publisher\":{\"@id\":\"https:\/\/lubrificantes.pefil.com.br\/petronas\/#organization\"},\"potentialAction\":[{\"@type\":\"SearchAction\",\"target\":{\"@type\":\"EntryPoint\",\"urlTemplate\":\"https:\/\/lubrificantes.pefil.com.br\/petronas\/?s={search_term_string}\"},\"query-input\":{\"@type\":\"PropertyValueSpecification\",\"valueRequired\":true,\"valueName\":\"search_term_string\"}}],\"inLanguage\":\"pt-BR\"},{\"@type\":\"Organization\",\"@id\":\"https:\/\/lubrificantes.pefil.com.br\/petronas\/#organization\",\"name\":\"Pefil Lubrificantes\",\"url\":\"https:\/\/lubrificantes.pefil.com.br\/petronas\/\",\"logo\":{\"@type\":\"ImageObject\",\"inLanguage\":\"pt-BR\",\"@id\":\"https:\/\/lubrificantes.pefil.com.br\/petronas\/#\/schema\/logo\/image\/\",\"url\":\"http:\/\/vps54941.publiccloud.com.br\/petronas\/wp-content\/uploads\/2019\/07\/pefil.png\",\"contentUrl\":\"http:\/\/vps54941.publiccloud.com.br\/petronas\/wp-content\/uploads\/2019\/07\/pefil.png\",\"width\":300,\"height\":212,\"caption\":\"Pefil Lubrificantes\"},\"image\":{\"@id\":\"https:\/\/lubrificantes.pefil.com.br\/petronas\/#\/schema\/logo\/image\/\"}}]}<\/script>\n<!-- \/ Yoast SEO plugin. -->","yoast_head_json":{"title":"PETRONAS Tutela GI\/A - Pefil - Lubrificantes Petronas","robots":{"index":"index","follow":"follow","max-snippet":"max-snippet:-1","max-image-preview":"max-image-preview:large","max-video-preview":"max-video-preview:-1"},"canonical":"https:\/\/lubrificantes.pefil.com.br\/petronas\/produto\/petronas-tutela-gi-a-2\/","og_locale":"pt_BR","og_type":"article","og_title":"PETRONAS Tutela GI\/A - Pefil - Lubrificantes Petronas","og_description":"\u00d3leo Lubrificante PETRONAS Tutela GI\/A \u00d3leo Transmiss\u00e3o Autom\u00e1tica PETRONAS Tutela GI\/A \u00e9 um \u00f3leo de base mineral com caracter\u00edsticas que lhe proporciona baixo ponto de fluidez","og_url":"https:\/\/lubrificantes.pefil.com.br\/petronas\/produto\/petronas-tutela-gi-a-2\/","og_site_name":"Pefil - Lubrificantes Petronas","article_modified_time":"2024-10-21T19:36:38+00:00","og_image":[{"width":400,"height":400,"url":"https:\/\/lubrificantes.pefil.com.br\/petronas\/wp-content\/uploads\/2024\/10\/petronas-tutela-gi-a-1.jpg","type":"image\/jpeg"}],"twitter_card":"summary_large_image","twitter_misc":{"Est. tempo de leitura":"1 minuto"},"schema":{"@context":"https:\/\/schema.org","@graph":[{"@type":"WebPage","@id":"https:\/\/lubrificantes.pefil.com.br\/petronas\/produto\/petronas-tutela-gi-a-2\/","url":"https:\/\/lubrificantes.pefil.com.br\/petronas\/produto\/petronas-tutela-gi-a-2\/","name":"PETRONAS Tutela GI\/A - Pefil - Lubrificantes Petronas","isPartOf":{"@id":"https:\/\/lubrificantes.pefil.com.br\/petronas\/#website"},"primaryImageOfPage":{"@id":"https:\/\/lubrificantes.pefil.com.br\/petronas\/produto\/petronas-tutela-gi-a-2\/#primaryimage"},"image":{"@id":"https:\/\/lubrificantes.pefil.com.br\/petronas\/produto\/petronas-tutela-gi-a-2\/#primaryimage"},"thumbnailUrl":"https:\/\/lubrificantes.pefil.com.br\/petronas\/wp-content\/uploads\/2024\/10\/petronas-tutela-gi-a-1.jpg","datePublished":"2019-08-01T11:51:48+00:00","dateModified":"2024-10-21T19:36:38+00:00","breadcrumb":{"@id":"https:\/\/lubrificantes.pefil.com.br\/petronas\/produto\/petronas-tutela-gi-a-2\/#breadcrumb"},"inLanguage":"pt-BR","potentialAction":[{"@type":"ReadAction","target":["https:\/\/lubrificantes.pefil.com.br\/petronas\/produto\/petronas-tutela-gi-a-2\/"]}]},{"@type":"ImageObject","inLanguage":"pt-BR","@id":"https:\/\/lubrificantes.pefil.com.br\/petronas\/produto\/petronas-tutela-gi-a-2\/#primaryimage","url":"https:\/\/lubrificantes.pefil.com.br\/petronas\/wp-content\/uploads\/2024\/10\/petronas-tutela-gi-a-1.jpg","contentUrl":"https:\/\/lubrificantes.pefil.com.br\/petronas\/wp-content\/uploads\/2024\/10\/petronas-tutela-gi-a-1.jpg","width":400,"height":400},{"@type":"BreadcrumbList","@id":"https:\/\/lubrificantes.pefil.com.br\/petronas\/produto\/petronas-tutela-gi-a-2\/#breadcrumb","itemListElement":[{"@type":"ListItem","position":1,"name":"In\u00edcio","item":"https:\/\/lubrificantes.pefil.com.br\/petronas\/"},{"@type":"ListItem","position":2,"name":"Produtos","item":"https:\/\/lubrificantes.pefil.com.br\/petronas\/shop\/"},{"@type":"ListItem","position":3,"name":"PETRONAS Tutela GI\/A"}]},{"@type":"WebSite","@id":"https:\/\/lubrificantes.pefil.com.br\/petronas\/#website","url":"https:\/\/lubrificantes.pefil.com.br\/petronas\/","name":"Pefil - Lubrificantes Petronas","description":"","publisher":{"@id":"https:\/\/lubrificantes.pefil.com.br\/petronas\/#organization"},"potentialAction":[{"@type":"SearchAction","target":{"@type":"EntryPoint","urlTemplate":"https:\/\/lubrificantes.pefil.com.br\/petronas\/?s={search_term_string}"},"query-input":{"@type":"PropertyValueSpecification","valueRequired":true,"valueName":"search_term_string"}}],"inLanguage":"pt-BR"},{"@type":"Organization","@id":"https:\/\/lubrificantes.pefil.com.br\/petronas\/#organization","name":"Pefil Lubrificantes","url":"https:\/\/lubrificantes.pefil.com.br\/petronas\/","logo":{"@type":"ImageObject","inLanguage":"pt-BR","@id":"https:\/\/lubrificantes.pefil.com.br\/petronas\/#\/schema\/logo\/image\/","url":"http:\/\/vps54941.publiccloud.com.br\/petronas\/wp-content\/uploads\/2019\/07\/pefil.png","contentUrl":"http:\/\/vps54941.publiccloud.com.br\/petronas\/wp-content\/uploads\/2019\/07\/pefil.png","width":300,"height":212,"caption":"Pefil Lubrificantes"},"image":{"@id":"https:\/\/lubrificantes.pefil.com.br\/petronas\/#\/schema\/logo\/image\/"}}]}},"_links":{"self":[{"href":"https:\/\/lubrificantes.pefil.com.br\/petronas\/wp-json\/wp\/v2\/product\/5230","targetHints":{"allow":["GET"]}}],"collection":[{"href":"https:\/\/lubrificantes.pefil.com.br\/petronas\/wp-json\/wp\/v2\/product"}],"about":[{"href":"https:\/\/lubrificantes.pefil.com.br\/petronas\/wp-json\/wp\/v2\/types\/product"}],"version-history":[{"count":1,"href":"https:\/\/lubrificantes.pefil.com.br\/petronas\/wp-json\/wp\/v2\/product\/5230\/revisions"}],"predecessor-version":[{"id":8306,"href":"https:\/\/lubrificantes.pefil.com.br\/petronas\/wp-json\/wp\/v2\/product\/5230\/revisions\/8306"}],"wp:featuredmedia":[{"embeddable":true,"href":"https:\/\/lubrificantes.pefil.com.br\/petronas\/wp-json\/wp\/v2\/media\/8122"}],"wp:attachment":[{"href":"https:\/\/lubrificantes.pefil.com.br\/petronas\/wp-json\/wp\/v2\/media?parent=5230"}],"wp:term":[{"taxonomy":"product_cat","embeddable":true,"href":"https:\/\/lubrificantes.pefil.com.br\/petronas\/wp-json\/wp\/v2\/product_cat?post=5230"},{"taxonomy":"product_tag","embeddable":true,"href":"https:\/\/lubrificantes.pefil.com.br\/petronas\/wp-json\/wp\/v2\/product_tag?post=5230"}],"curies":[{"name":"wp","href":"https:\/\/api.w.org\/{rel}","templated":true}]}}